 base 8, what is -1527717345 + -3?
-1527717350
In base 11, what is 85 - -518829a?
5188374
In base 12, what is 26 - -174858?
174882
In base 13, what is 2a45c14c + -3?
2a45c149
In base 7, what is -40432 - 154?
-40616
In base 16, what is -2ff00 + 12?
-2feee
In base 14, what is 4 + 1700a7c?
1700a82
In base 6, what is 12100030 - 3?
12100023
In base 7, what is -32231103 - -13?
-32231060
In base 10, what is -853861 - 232?
-854093
In base 9, what is -362 + -18783?
-20255
In base 12, what is 5 + 287450?
287455
In base 7, what is -230 - 20636?
-21166
In base 12, what is 26a92 - -171?
27043
In base 3, what is -11201122002121 + -1?
-11201122002122
In base 13, what is -1cc + -225175?
-225374
In base 5, what is -40 + 4312204310?
4312204220
In base 4, what is 313110322132 + -11?
313110322121
In base 5, what is 200302 + 10204021?
10404323
In base 10, what is -1527014 + -212?
-1527226
In base 14, what is 40d3b18 + -2?
40d3b16
In base 4, what is 101101223112 + 120?
101101223232
In base 8, what is 122 - -211365?
211507
In base 3, what is 1102122020 + 1012020?
1110211110
In base 8, what is -11725135 - -6?
-11725127
In base 9, what is -7 - 88018?
-88026
In base 16, what is 0 + -17d17e?
-17d17e
In base 12, what is 1a19 + -b78?
a61
In base 13, what is -1 + 419587?
419586
In base 3, what is 110111111 - 10011011?
100100100
In base 3, what is 1202 - 22122221202002?
-22122221200100
In base 6, what is -5250240 + -35?
-5250315
In base 15, what is 2657 - 12a3?
13a4
In base 8, what is 160 + 27670?
30050
In base 6, what is 135355012 - -31?
135355043
In base 9, what is 12 - 1631713?
-1631701
In base 12, what is -18 + a959a2?
a95986
In base 3, what is -22200001 + 110021200221?
102222000220
In base 8, what is -12 + 1601427?
1601415
In base 5, what is -233140204 - 10?
-233140214
In base 13, what is -10594a - 108?
-105a55
In base 10, what is -898 + -1269?
-2167
In base 7, what is -43 + 1022660?
1022614
In base 9, what is 5677307 + 0?
5677307
In base 12, what is -3 + -41366a?
-413671
In base 11, what is -10917 + -5788?
-165a4
In base 11, what is 75a3752 + -2?
75a3750
In base 16, what is 2 + -9a962?
-9a960
In base 15, what is -177056 + 1?
-177055
In base 13, what is 4264252 - 5?
426424a
In base 16, what is -10e08 - -146?
-10cc2
In base 11, what is 8a692400 + 3?
8a692403
In base 11, what is -182a90 - 10?
-182aa0
In base 11, what is -1 + 191a18?
191a17
In base 2, what is 1011011010000111 + 10111100?
1011011101000011
In base 12, what is 4 - 851467?
-851463
In base 15, what is -9ccd + -336?
-a114
In base 13, what is 30233b - -a?
302348
In base 5, what is 13440114443 - -10?
13440120003
In base 4, what is -12031 - 101133?
-113230
In base 13, what is 30b72b9 + -7?
30b72b2
In base 5, what is -3 + -3131201120?
-3131201123
In base 13, what is -12 - -788c6?
788b4
In base 3, what is 0 - 1120002200101111?
-1120002200101111
In base 5, what is -140 - -2041?
1401
In base 15, what is 87229 + -26?
87203
In base 9, what is -655306 + -12?
-655318
In base 13, what is 188c2 + 43?
18935
In base 3, what is -1210220111012002 - 0?
-1210220111012002
In base 12, what is -52119a8 - 0?
-52119a8
In base 15, what is 120 - -bcb45?
bcc65
In base 3, what is -11 + -2221200002110?
-2221200002121
In base 14, what is 8c - c64b?
-c59d
In base 4, what is 2002222013 - -101?
2002222120
In base 5, what is 11 + -1113331433?
-1113331422
In base 8, what is 634 + 2331741?
2332575
In base 12, what is -26 - 97302?
-97328
In base 15, what is -e371ca8 - -1?
-e371ca7
In base 3, what is 2002210 - -1012?
2010222
In base 5, what is 122043 + -121223?
320
In base 6, what is -4551 + 1242141?
1233150
In base 16, what is -e9f64e - -b?
-e9f643
In base 2, what is -11110010100011101100000 + 0?
-11110010100011101100000
In base 6, what is 221 + -202352?
-202131
In base 3, what is 11222111 - -22011220?
111011101
In base 4, what is 132 - 120203131?
-120202333
In base 15, what is -274db9 + -5?
-274dbe
In base 7, what is -2 + 2451566356?
2451566354
In base 2, what is 100110001100010 + -10010111100?
100011110100110
In base 10, what is -55933 - 9?
-55942
In base 9, what is 22562 + -276?
22275
In base 11, what is 68026 + 16a3?
69719
In base 6, what is 15 - -5434515?
5434534
In base 7, what is -2010052 + 26?
-2010023
In base 13, what is 19647c63 + -4?
19647c5c
In base 13, what is -45b7b75 - 3?
-45b7b78
In base 16, what is -d + 196ccbb?
196ccae
In base 5, what is 2 + -2213432022?
-2213432020
In base 6, what is -2004 - -121250?
115242
In base 12, what is -12b80296 + -3?
-12b80299
In base 10, what is 620 - -74307?
74927
In base 7, what is -1145255 + 235?
-1145020
In base 4, what is -23112012 - -1011?
-23111001
In base 15, what is -7d + -859?
-8d7
In base 10, what is -14072 - -26998?
12926
In base 9, what is 5 - -1587388?
1587404
In base 13, what is -2 - 64c05a?
-64c05c
In base 16, what is 1 + 2bbd11c?
2bbd11d
In base 4, what is 23101 + 100230230?
100313331
In base 16, what is 86d0 - b59?
7b77
In base 13, what is 0 - 22269?
-22269
In base 13, what is 2 + -12c9104?
-12c9102
In base 16, what is 4a + e3290?
e32da
In base 3, what is -10012220211100 - -1?
-10012220211022
In base 9, what is -8 + -10546157?
-10546166
In base 12, what is -910baa2 + -2?
-910baa4
In base 13, what is -5 + 552034?
55202c
In base 9, what is -50 + -12545411?
-12545461
In base 11, what is 127 - 30530?
-30404
In base 6, what is -24300302 - -23?
-24300235
In base 15, what is 152 - b829?
-b6c7
In base 12, what is 7809451 + 2?
7809453
In base 16, what is -567 + -1c130?
-1c697
In base 3, what is -11 + 10101002100111021?
10101002100111010
In base 2, what is 10001110111000001 - -111000?
10001110111111001
In base 6, what is -100 - -44144055?
44143555
In base 14, what is -722 - -303d?
271b
In base 4, what is -11 + -30233013200000?
-30233013200011
In base 9, what is -8573 + 3207?
-5365
In base 3, what is 1 + 11000122110222?
11000122111000
In base 3, what is -2 + -10000101202000?
-10000101202002
In base 8, what is -577520627 - 1?
-577520630
In base 9, what is 2784 + 221?
3115
In base 15, what is -19 - -1000b?
eee2
In base 14, what is 48068 + -81?
47dc7
In base 14, what is 1 + -19286a7?
-19286a6
In base 6, what is -2512 + -33542?
-40454
In base 9, what is -48 + -3050508?
-3050557
In base 5, what is -102031111140 - 4?
-102031111144
In base 10, what is -106894 - -652?
-106242
In base 11, what is -337010893 + 5?
-337010889
In base 4, what is -11330102233 + 3?
-11330102230
In base 14, what is 48d3cc + -33?
48d399
In base 3, what is 20 + 202102212200200?
202102212200220
In base 14, what is 9d - -6385?
6444
In base 11, what is -4 + -1aa2455?
-1aa2459
In base 4, what is -110 - 230120330?
-230121100
In base 8, what is -3332410520 + 2?
-3332410516
In base 8, what is 1043111607 + -5?
1043111602
In base 15, what is 10cd38c - 2d?
10cd35e
In base 4, what is -1230 + -32230221?
-32232111
In base 4, what is 133 - -1012112113?
1012112312
In base 10, what is 15147 + -1699?
13448
In base 15, what is -64 + 159ad?
15949
In base 15, what is 3 + c7d22?
c7d25
In base 16, what is -127 + 41be8?
41ac1
In base 14, what is 7 + 977995?
97799c
In base 3, what is -2021 + -10100202020?
-10100211111
In base 12, what is -4 + -269928a?
-2699292
In base 15, what is -a8 + 2e0ad?
2e005
In base 14, what is -2279b2 - 4?
-2279b6
In base 2, what is -111110 - -11101000101010101?
11101000100010111
In base 16, what is -1354 + 54f?
-e05
In base 14, what is -27a92b - 115?
-27aa42
In base 9, what is 112 - -673384?
673506
In base 7, what is -6 - -1333166560?
1333166551
In base 4, what is -3023 + -3220300?
-3223323
In base 11, what is 8 + 221819?
221826
In base 11, what is 4178 + 1635?
5802
In base 16, what is -563e7 + -372?
-56759
In base 15, what is -7e - -adc0?
ad41
In base 13, what is 169149 + 21?
16916a
In base 12, what is -65401a5 + 5?
-65401a0
In base 6, what is -3023103054 - -4?
-3023103050
In base 13, what is 3 + 30691916?
30691919
In base 11, what is 38033 - -13631?
50664
In base 16, what is -2 - 1884e2?
-1884e4
In base 7, what is -4 + 245505266?
245505262
In base 3, what is 12210100010202 - 11?
12210100010121
In base 5, what is 2 - -33020001313?
33020001320
In base 5, what is 10240 + 344034?
404324
In base 16, what is e - 2c976?
-2c968
In base 6, what is -5 - -440005521?
440005512
In base 11, what is -1a8561 - 244?
-1a87a5
In base 8, w